[INFO] fetching crate mun_runtime 0.2.0...
[INFO] checking mun_runtime-0.2.0 against master#cfbc6d4cf1acbac5c025acf8ed68929caa551df3 for pr-75494-beta
[INFO] extracting crate mun_runtime 0.2.0 into /workspace/builds/worker-7/source
[INFO] validating manifest of crates.io crate mun_runtime 0.2.0 on toolchain cfbc6d4cf1acbac5c025acf8ed68929caa551df3
[INFO] running `Command { std: "/workspace/cargo-home/bin/cargo" "+cfbc6d4cf1acbac5c025acf8ed68929caa551df3" "read-manifest" "--manifest-path" "Cargo.toml", kill_on_drop: false }`
[INFO] started tweaking crates.io crate mun_runtime 0.2.0
[INFO] finished tweaking crates.io crate mun_runtime 0.2.0
[INFO] tweaked toml for crates.io crate mun_runtime 0.2.0 written to /workspace/builds/worker-7/source/Cargo.toml
[INFO] crate crates.io crate mun_runtime 0.2.0 already has a lockfile, it will not be regenerated
[INFO] running `Command { std: "/workspace/cargo-home/bin/cargo" "+cfbc6d4cf1acbac5c025acf8ed68929caa551df3" "fetch" "--locked" "--manifest-path" "Cargo.toml", kill_on_drop: false }`
[INFO] [stderr]     Blocking waiting for file lock on package cache
[INFO] [stderr]  Downloading crates ...
[INFO] [stderr]   Downloaded mlua v0.2.2
[INFO] [stderr]   Downloaded ppv-lite86 v0.2.7
[INFO] [stderr]   Downloaded mun_memory v0.1.0
[INFO] [stderr]   Downloaded lua-src v535.0.2+540rc1
[INFO] [stderr]   Downloaded luajit-src v210.0.0+694d69a
[INFO] running `Command { std: "docker" "create" "-v" "/var/lib/crater-agent-workspace/builds/worker-7/target:/opt/rustwide/target:rw,Z" "-v" "/var/lib/crater-agent-workspace/builds/worker-7/source:/opt/rustwide/workdir:ro,Z" "-v" "/var/lib/crater-agent-workspace/cargo-home:/opt/rustwide/cargo-home:ro,Z" "-v" "/var/lib/crater-agent-workspace/rustup-home:/opt/rustwide/rustup-home:ro,Z" "-e" "SOURCE_DIR=/opt/rustwide/workdir" "-e" "CARGO_TARGET_DIR=/opt/rustwide/target" "-e" "CARGO_HOME=/opt/rustwide/cargo-home" "-e" "RUSTUP_HOME=/opt/rustwide/rustup-home" "-w" "/opt/rustwide/workdir" "-m" "1610612736" "--user" "0:0" "--network" "none" "rustops/crates-build-env@sha256:a636fd89d022f18117e1dc8fb37a0a009933cdbbe082814857f0e2024962d47c" "/opt/rustwide/cargo-home/bin/cargo" "+cfbc6d4cf1acbac5c025acf8ed68929caa551df3" "metadata" "--no-deps" "--format-version=1", kill_on_drop: false }`
[INFO] [stdout] c778b61cde52934b70008d9d4c91595d42cac122b7faa851333d06a2dfa9ef4f
[INFO] [stderr] WARNING: Your kernel does not support swap limit capabilities or the cgroup is not mounted. Memory limited without swap.
[INFO] running `Command { std: "docker" "start" "-a" "c778b61cde52934b70008d9d4c91595d42cac122b7faa851333d06a2dfa9ef4f", kill_on_drop: false }`
[INFO] running `Command { std: "docker" "inspect" "c778b61cde52934b70008d9d4c91595d42cac122b7faa851333d06a2dfa9ef4f", kill_on_drop: false }`
[INFO] running `Command { std: "docker" "rm" "-f" "c778b61cde52934b70008d9d4c91595d42cac122b7faa851333d06a2dfa9ef4f", kill_on_drop: false }`
[INFO] [stdout] c778b61cde52934b70008d9d4c91595d42cac122b7faa851333d06a2dfa9ef4f
[INFO] running `Command { std: "docker" "create" "-v" "/var/lib/crater-agent-workspace/builds/worker-7/target:/opt/rustwide/target:rw,Z" "-v" "/var/lib/crater-agent-workspace/builds/worker-7/source:/opt/rustwide/workdir:ro,Z" "-v" "/var/lib/crater-agent-workspace/cargo-home:/opt/rustwide/cargo-home:ro,Z" "-v" "/var/lib/crater-agent-workspace/rustup-home:/opt/rustwide/rustup-home:ro,Z" "-e" "SOURCE_DIR=/opt/rustwide/workdir" "-e" "CARGO_TARGET_DIR=/opt/rustwide/target" "-e" "CARGO_INCREMENTAL=0" "-e" "RUST_BACKTRACE=full" "-e" "RUSTFLAGS=--cap-lints=forbid" "-e" "CARGO_HOME=/opt/rustwide/cargo-home" "-e" "RUSTUP_HOME=/opt/rustwide/rustup-home" "-w" "/opt/rustwide/workdir" "-m" "1610612736" "--user" "0:0" "--network" "none" "rustops/crates-build-env@sha256:a636fd89d022f18117e1dc8fb37a0a009933cdbbe082814857f0e2024962d47c" "/opt/rustwide/cargo-home/bin/cargo" "+cfbc6d4cf1acbac5c025acf8ed68929caa551df3" "check" "--frozen" "--all" "--all-targets" "--message-format=json", kill_on_drop: false }`
[INFO] [stdout] 0aae96c169a682a44c70578e1d2090b718aea03f3dd8112637c5932acd5d4fd3
[INFO] [stderr] WARNING: Your kernel does not support swap limit capabilities or the cgroup is not mounted. Memory limited without swap.
[INFO] running `Command { std: "docker" "start" "-a" "0aae96c169a682a44c70578e1d2090b718aea03f3dd8112637c5932acd5d4fd3", kill_on_drop: false }`
[INFO] [stderr]     Checking cfg-if v0.1.10
[INFO] [stderr]    Compiling libc v0.2.70
[INFO] [stderr]    Compiling autocfg v1.0.0
[INFO] [stderr]    Compiling cc v1.0.53
[INFO] [stderr]    Compiling serde v1.0.110
[INFO] [stderr]    Compiling proc-macro2 v1.0.13
[INFO] [stderr]    Compiling unicode-xid v0.2.0
[INFO] [stderr]    Compiling syn v1.0.22
[INFO] [stderr]     Checking lazy_static v1.4.0
[INFO] [stderr]     Checking scopeguard v1.1.0
[INFO] [stderr]    Compiling bitflags v1.2.1
[INFO] [stderr]     Checking smallvec v1.4.0
[INFO] [stderr]    Compiling maybe-uninit v2.0.0
[INFO] [stderr]    Compiling cranelift-entity v0.59.0
[INFO] [stderr]    Compiling cranelift-codegen-shared v0.59.0
[INFO] [stderr]    Compiling memchr v2.3.3
[INFO] [stderr]    Compiling ryu v1.0.4
[INFO] [stderr]     Checking subtle v1.0.0
[INFO] [stderr]     Checking wasmparser v0.51.4
[INFO] [stderr]     Checking gimli v0.21.0
[INFO] [stderr]     Checking itoa v0.4.5
[INFO] [stderr]     Checking ppv-lite86 v0.2.7
[INFO] [stderr]     Checking same-file v1.0.6
[INFO] [stderr]     Checking arrayvec v0.5.1
[INFO] [stderr]     Checking slab v0.4.2
[INFO] [stderr]    Compiling pkg-config v0.3.17
[INFO] [stderr]     Checking once_cell v1.4.0
[INFO] [stderr]     Checking object v0.19.0
[INFO] [stderr]     Checking unicode-width v0.1.7
[INFO] [stderr]     Checking regex-syntax v0.6.17
[INFO] [stderr]     Checking remove_dir_all v0.5.2
[INFO] [stderr]     Checking oorandom v11.1.1
[INFO] [stderr]     Checking termcolor v1.1.0
[INFO] [stderr]     Checking lock_api v0.3.4
[INFO] [stderr]    Compiling cranelift-codegen-meta v0.59.0
[INFO] [stderr]     Checking walkdir v2.3.1
[INFO] [stderr]     Checking cranelift-bforest v0.59.0
[INFO] [stderr]    Compiling typenum v1.12.0
[INFO] [stderr]     Checking log v0.4.8
[INFO] [stderr]     Checking textwrap v0.11.0
[INFO] [stderr]    Compiling luajit-src v210.0.0+694d69a
[INFO] [stderr]    Compiling lua-src v535.0.2+540rc1
[INFO] [stderr]    Compiling cast v0.2.3
[INFO] [stderr]    Compiling indexmap v1.3.2
[INFO] [stderr]    Compiling crossbeam-utils v0.7.2
[INFO] [stderr]    Compiling memoffset v0.5.4
[INFO] [stderr]    Compiling crossbeam-epoch v0.8.2
[INFO] [stderr]    Compiling num-traits v0.2.11
[INFO] [stderr]     Checking regex-automata v0.1.9
[INFO] [stderr]     Checking smallvec v0.6.13
[INFO] [stderr]     Checking clap v2.33.1
[INFO] [stderr]     Checking csv-core v0.1.10
[INFO] [stderr]     Checking crypto-mac v0.7.0
[INFO] [stderr]    Compiling quote v1.0.5
[INFO] [stderr]     Checking criterion-plot v0.4.2
[INFO] [stderr]    Compiling generic-array v0.12.3
[INFO] [stderr]     Checking regex v1.3.7
[INFO] [stderr]    Compiling blake3 v0.1.5
[INFO] [stderr]    Compiling raw-cpuid v7.0.3
[INFO] [stderr]    Compiling libloading v0.5.2
[INFO] [stderr]    Compiling mlua v0.2.2
[INFO] [stderr]     Checking crossbeam-queue v0.2.1
[INFO] [stderr]    Compiling digest v0.8.1
[INFO] [stderr]     Checking crossbeam-deque v0.7.3
[INFO] [stderr]     Checking plotters v0.2.14
[INFO] [stderr]     Checking parking_lot_core v0.7.2
[INFO] [stderr]     Checking getrandom v0.1.14
[INFO] [stderr]     Checking num_cpus v1.13.0
[INFO] [stderr]     Checking net2 v0.2.34
[INFO] [stderr]     Checking iovec v0.1.4
[INFO] [stderr]     Checking page_size v0.4.2
[INFO] [stderr]     Checking inotify-sys v0.1.3
[INFO] [stderr]     Checking errno v0.2.5
[INFO] [stderr]     Checking nix v0.15.0
[INFO] [stderr]     Checking filetime v0.2.10
[INFO] [stderr]     Checking memmap v0.7.0
[INFO] [stderr]     Checking atty v0.2.14
[INFO] [stderr]     Checking parking_lot v0.10.2
[INFO] [stderr]     Checking rand_core v0.5.1
[INFO] [stderr]     Checking rayon-core v1.7.0
[INFO] [stderr]     Checking mio v0.6.22
[INFO] [stderr]     Checking addr2line v0.12.0
[INFO] [stderr]     Checking inotify v0.7.0
[INFO] [stderr]     Checking rand_chacha v0.2.2
[INFO] [stderr]     Checking mun_abi v0.2.0
[INFO] [stderr]     Checking rand v0.7.3
[INFO] [stderr]     Checking mun_memory v0.1.0
[INFO] [stderr]     Checking rayon v1.3.0
[INFO] [stderr]     Checking backtrace v0.3.48
[INFO] [stderr]    Compiling wasmer-runtime-core v0.16.2
[INFO] [stderr]     Checking mio-extras v2.0.6
[INFO] [stderr]     Checking notify v4.0.15
[INFO] [stderr]     Checking tempfile v3.1.0
[INFO] [stderr]     Checking serde-bench v0.0.7
[INFO] [stderr]     Checking bincode v1.2.1
[INFO] [stderr]     Checking bstr v0.2.13
[INFO] [stderr]     Checking serde_bytes v0.11.4
[INFO] [stderr]     Checking serde_json v1.0.53
[INFO] [stderr]     Checking gimli v0.20.0
[INFO] [stderr]     Checking tinytemplate v1.0.4
[INFO] [stderr]     Checking csv v1.1.3
[INFO] [stderr]    Compiling synstructure v0.12.3
[INFO] [stderr]    Compiling cranelift-codegen v0.59.0
[INFO] [stderr]    Compiling thiserror-impl v1.0.18
[INFO] [stderr]    Compiling serde_derive v1.0.110
[INFO] [stderr]    Compiling failure_derive v0.1.8
[INFO] [stderr]     Checking thiserror v1.0.18
[INFO] [stderr]     Checking failure v0.1.8
[INFO] [stderr]     Checking mun_runtime v0.2.0 (/opt/rustwide/workdir)
[INFO] [stderr]     Checking criterion v0.3.2
[INFO] [stderr]     Checking wasmer-clif-fork-frontend v0.59.0
[INFO] [stderr]     Checking cranelift-native v0.59.0
[INFO] [stderr]     Checking wasmer-clif-fork-wasm v0.59.0
[INFO] [stderr]     Checking wasmer-clif-backend v0.16.2
[INFO] [stderr]     Checking wasmer-runtime v0.16.2
[INFO] [stdout] error[E0432]: unresolved import `mun_compiler`
[INFO] [stdout]  --> tests/util.rs:3:5
[INFO] [stdout]   |
[INFO] [stdout] 3 | use mun_compiler::{Config, DisplayColor, Driver, FileId, PathOrInline, RelativePathBuf};
[INFO] [stdout]   |     ^^^^^^^^^^^^ use of undeclared type or module `mun_compiler`
[INFO] [stdout] 
[INFO] [stdout] 
[INFO] [stdout] error[E0432]: unresolved import `mun_compiler`
[INFO] [stdout]  --> tests/util.rs:3:5
[INFO] [stdout]   |
[INFO] [stdout] 3 | use mun_compiler::{Config, DisplayColor, Driver, FileId, PathOrInline, RelativePathBuf};
[INFO] [stdout]   |     ^^^^^^^^^^^^ use of undeclared type or module `mun_compiler`
[INFO] [stdout] 
[INFO] [stdout] 
[INFO] [stdout] error[E0432]: unresolved import `mun_compiler`
[INFO] [stdout]  --> tests/util.rs:3:5
[INFO] [stdout]   |
[INFO] [stdout] 3 | use mun_compiler::{Config, DisplayColor, Driver, FileId, PathOrInline, RelativePathBuf};
[INFO] [stdout]   |     ^^^^^^^^^^^^ use of undeclared type or module `mun_compiler`
[INFO] [stdout] 
[INFO] [stdout] 
[INFO] [stdout] error[E0432]: unresolved import `mun_compiler`
[INFO] [stdout]  --> benches/util/mod.rs:2:5
[INFO] [stdout]   |
[INFO] [stdout] 2 | use mun_compiler::{Config, Driver, OptimizationLevel, PathOrInline};
[INFO] [stdout]   |     ^^^^^^^^^^^^ use of undeclared type or module `mun_compiler`
[INFO] [stdout] 
[INFO] [stdout] 
[INFO] [stdout] error: aborting due to previous error
[INFO] [stdout] 
[INFO] [stdout] 
[INFO] [stdout] For more information about this error, try `rustc --explain E0432`.
[INFO] [stdout] 
[INFO] [stdout] error[E0432]: unresolved import `mun_compiler`
[INFO] [stdout]  --> tests/util.rs:3:5
[INFO] [stdout]   |
[INFO] [stdout] 3 | use mun_compiler::{Config, DisplayColor, Driver, FileId, PathOrInline, RelativePathBuf};
[INFO] [stdout]   |     ^^^^^^^^^^^^ use of undeclared type or module `mun_compiler`
[INFO] [stdout] 
[INFO] [stdout] 
[INFO] [stderr] error: could not compile `mun_runtime`.
[INFO] [stderr] 
[INFO] [stderr] To learn more, run the command again with --verbose.
[INFO] [stderr] warning: build failed, waiting for other jobs to finish...
[INFO] [stdout] error: aborting due to previous error
[INFO] [stdout] 
[INFO] [stdout] 
[INFO] [stdout] For more information about this error, try `rustc --explain E0432`.
[INFO] [stdout] 
[INFO] [stdout] error: aborting due to previous error
[INFO] [stdout] 
[INFO] [stdout] 
[INFO] [stdout] For more information about this error, try `rustc --explain E0432`.
[INFO] [stdout] 
[INFO] [stdout] error: aborting due to previous error
[INFO] [stdout] 
[INFO] [stdout] 
[INFO] [stdout] For more information about this error, try `rustc --explain E0432`.
[INFO] [stdout] 
[INFO] [stdout] error[E0283]: type annotations needed
[INFO] [stdout]    --> tests/memory.rs:271:48
[INFO] [stdout]     |
[INFO] [stdout] 271 |     assert_eq!(foo.get::<u16>("0").unwrap(), a.into());
[INFO] [stdout]     |                                              --^^^^--
[INFO] [stdout]     |                                              | |
[INFO] [stdout]     |                                              | cannot infer type for type parameter `U`
[INFO] [stdout]     |                                              this method call resolves to `T`
[INFO] [stdout]     |
[INFO] [stdout]     = note: cannot satisfy `_: std::convert::From<u8>`
[INFO] [stdout]     = note: required because of the requirements on the impl of `std::convert::Into<_>` for `u8`
[INFO] [stdout] 
[INFO] [stdout] 
[INFO] [stdout] error[E0283]: type annotations needed
[INFO] [stdout]    --> tests/memory.rs:485:48
[INFO] [stdout]     |
[INFO] [stdout] 485 |     assert_eq!(foo.get::<i64>("d").unwrap(), d.into());
[INFO] [stdout]     |                                              --^^^^--
[INFO] [stdout]     |                                              | |
[INFO] [stdout]     |                                              | cannot infer type for type parameter `U`
[INFO] [stdout]     |                                              this method call resolves to `T`
[INFO] [stdout]     |
[INFO] [stdout]     = note: cannot satisfy `_: std::convert::From<i32>`
[INFO] [stdout]     = note: required because of the requirements on the impl of `std::convert::Into<_>` for `i32`
[INFO] [stdout] 
[INFO] [stdout] 
[INFO] [stdout] error[E0432]: unresolved import `mun_compiler`
[INFO] [stdout]  --> tests/util.rs:3:5
[INFO] [stdout]   |
[INFO] [stdout] 3 | use mun_compiler::{Config, DisplayColor, Driver, FileId, PathOrInline, RelativePathBuf};
[INFO] [stdout]   |     ^^^^^^^^^^^^ use of undeclared type or module `mun_compiler`
[INFO] [stdout] 
[INFO] [stdout] 
[INFO] [stdout] error: aborting due to 3 previous errors
[INFO] [stdout] 
[INFO] [stdout] 
[INFO] [stdout] Some errors have detailed explanations: E0283, E0432.
[INFO] [stdout] 
[INFO] [stdout] For more information about an error, try `rustc --explain E0283`.
[INFO] [stdout] 
[INFO] [stdout] error: aborting due to previous error
[INFO] [stdout] 
[INFO] [stdout] 
[INFO] [stdout] For more information about this error, try `rustc --explain E0432`.
[INFO] [stdout] 
[INFO] [stderr] error: build failed
[INFO] running `Command { std: "docker" "inspect" "0aae96c169a682a44c70578e1d2090b718aea03f3dd8112637c5932acd5d4fd3", kill_on_drop: false }`
[INFO] running `Command { std: "docker" "rm" "-f" "0aae96c169a682a44c70578e1d2090b718aea03f3dd8112637c5932acd5d4fd3", kill_on_drop: false }`
[INFO] [stdout] 0aae96c169a682a44c70578e1d2090b718aea03f3dd8112637c5932acd5d4fd3
